mine v(11).
-652
Let a(y) = -124*y - 5. What is a(0)?
-5
Let m(j) = -5*j**2 - 75*j - 4. Give m(-14).
66
Let m(a) = -9*a**2 - 14*a - 1. Determine m(-6).
-241
Let v(h) = 5*h**3 - 11*h**2 - 5. Give v(3).
31
Let o(i) = 13*i**3 - 2*i**2 + 2*i - 5. Calculate o(-3).
-380
Let y(f) = 81*f - 51. Calculate y(0).
-51
Let i(a) = 275*a + 1086. Calculate i(-3).
261
Let z(p) = -p**2 - 220*p - 138. Determine z(0).
-138
Let r(z) = 34*z - 3435. Calculate r(87).
-477
Let j(h) = 99*h**2 - 18*h + 31. Give j(2).
391
Let x(a) = 14997*a + 329923. Determine x(-22).
-11
Let u(b) = 8*b**2 - 59*b + 87. Determine u(5).
-8
Let o(g) = g**3 - 14*g**2 + 48*g - 45. Calculate o(10).
35
Let q(h) = h**2 - 771*h - 52538. Determine q(-63).
4
Let c(b) = -b**2 - 13*b + 869. Determine c(-38).
-81
Let v(g) = 86*g + 1867. What is v(-23)?
-111
Let n(m) = -15*m**3 + 7*m**2 - 4*m + 10. Give n(3).
-344
Let b(q) = -2*q**3 + 64*q**2 - 4*q + 152. What is b(32)?
24
Let k(c) = -120*c - 399. Determine k(-4).
81
Let i(a) = 2*a**3 - 246*a**2 - 55. What is i(123)?
-55
Let q(x) = x**3 + 4*x**2 - 43*x + 42. Give q(4).
-2
Let x(d) = -1814*d - 47195. Determine x(-26).
-31
Let g(l) = l**3 + 37*l**2 - 54*l - 610. Determine g(-38).
-2
Let x(v) = v**2 - 854*v - 2565. What is x(-3)?
6
Let k(q) = 44*q + 14. What is k(-3)?
-118
Let s(f) = f**3 + 12*f**2 - 34*f - 121. Give s(-14).
-37
Let i(g) = g**2 - 145*g + 573. Determine i(4).
9
Let p(l) = 16*l**3 + 16*l**2 - 22*l. Determine p(-2).
-20
Let z(k) = -8*k**2 - 328*k + 23. Determine z(-41).
23
Let f(y) = -y**3 + 2*y**2 + 22*y + 13. Calculate f(-3).
-8
Let z(i) = 2*i**2 - 54*i - 330. Determine z(-7).
146
Let r(g) = -49*g + 2867. Calculate r(59).
-24
Let u(f) = -72*f + 1150. Calculate u(16).
-2
Let b(l) = -37*l + 4937. What is b(135)?
-58
Let z(u) = 111*u + 133. What is z(-3)?
-200
Let a(p) = -7*p**2 + 167*p - 993. What is a(11)?
-3
Let m(u) = 129*u - 12214. Calculate m(95).
41
Let a(b) = -b**3 - 8*b**2 - 106*b - 592. Determine a(-6).
-28
Let j(q) = -19*q + 499. Give j(20).
119
Let r(h) = 19*h**2 + 174*h + 689. Determine r(-4).
297
Let n(v) = -2*v - 84. Determine n(9).
-102
Let n(c) = -7*c**2 + 25*c + 11. What is n(6)?
-91
Let m(g) = -3*g**2 + 55*g - 247. Give m(11).
-5
Let u(y) = -3*y**3 + 8*y**2 + 42*y + 6. Give u(-3).
33
Let h(u) = -4*u**2 - 64*u - 259. Give h(-5).
-39
Let d(g) = 36*g**3 + 8*g**2 + 2*g - 1. Give d(-2).
-261
Let g(i) = 11*i**3 + 37*i**2 + 8*i - 6. Determine g(-3).
6
Let x(j) = 179*j + 26317. What is x(-147)?
4
Let b(y) = 148*y + 704. Determine b(-8).
-480
Let k(j) = 5*j**3 - 108*j**2 + 49*j + 300. What is k(21)?
6
Let s(t) = 11*t - 23. Determine s(-1).
-34
Let f(o) = -o**2 - 20*o - 81. Determine f(-21).
-102
Let u(o) = o**3 - 67*o**2 + 9*o - 149. Give u(67).
454
Let q(z) = -z**3 + 5*z**2 + 5*z + 19. Calculate q(6).
13
Let t(m) = -m**3 - 91*m**2 + 186*m - 191. What is t(-93)?
-191
Let o(b) = -6*b**2 + 7*b + 33. What is o(-3)?
-42
Let w(n) = -n**2 + 10*n. What is w(17)?
-119
Let s(d) = d**3 - 18*d**2 - 53*d + 747. Determine s(19).
101
Let h(m) = -1042*m - 57291. Give h(-55).
19
Let z(q) = -1005*q - 6127. What is z(-6)?
-97
Let c(f) = -f**2 + 3634*f - 25396. Give c(7).
-7
Let o(h) = -285*h**3 + 5*h**2 - 6*h + 4. Calculate o(1).
-282
Let r(d) = d**3 - 16*d**2 - 47*d + 226. Determine r(9).
-764
Let q(z) = -z**2 - 10*z + 34. What is q(-14)?
-22
Let b(a) = -a**2 + 10*a + 7. Give b(13).
-32
Let b(h) = -6*h - 176. Calculate b(-26).
-20
Let b(q) = -50*q - 351. Determine b(-7).
-1
Let k(y) = -18*y**3 + y**2 - 2*y - 3. What is k(-1)?
18
Let w(c) = 2*c**3 - 2*c**2 - 112*c + 13. Calculate w(8).
13
Let j(w) = -w**3 - 14*w**2 - 16*w + 122. Calculate j(-11).
-65
Let l(c) = -c**3 - 10*c**2 + 37*c + 250. Calculate l(-11).
-36
Let s(l) = -3301*l - 6605. What is s(-2)?
-3
Let x(f) = f**3 - 4*f**2 - 76*f - 20. Calculate x(11).
-9
Let n(o) = -o**3 + 8*o**2 - 10*o - 6. What is n(8)?
-86
Let o(a) = -a**3 - 42*a**2 - 28*a - 44. Determine o(-41).
-577
Let i(u) = -5*u - 207. Give i(-5).
-182
Let j(l) = -16*l**2 - 2*l + 10. Give j(0).
10
Let k(s) = 65*s - 4783. Give k(73).
-38
Let k(p) = 110*p + 2742. What is k(-25)?
-8
Let y(p) = -6*p**3 - 37*p**2 - 9*p + 8. Determine y(-6).
26
Let a(s) = -s**3 + 36*s**2 - 65*s - 117. What is a(34)?
-15
Let n(q) = 189*q - 544. Calculate n(3).
23
Let j(i) = 17*i**3 - 3*i**2 + 2. Give j(1).
16
Let o(c) = c**2 + 111*c - 9577. Calculate o(57).
-1
Let k(f) = -f**3 - 19*f**2 - 31*f - 3. Calculate k(-16).
-275
Let h(o) = o**3 - 86*o**2 - 45*o - 3657. Determine h(87).
-3
Let b(t) = 9*t**2 + 45*t + 12. Calculate b(-4).
-24
Let d(z) = -z**3 - 54*z**2 + 50*z - 271. Give d(-55).
4
Let j(o) = o**2 + 14*o - 1548. Give j(-47).
3
Let s(l) = l**3 - 12*l**2 + 2*l - 25. Determine s(12).
-1
Let l(o) = -3*o**2 + 256*o - 763. What is l(3)?
-22
Let d(m) = m**3 + 33*m**2 + 57*m + 43. What is d(-31)?
198
Let o(s) = 62*s + 71. Give o(0).
71
Let q(n) = -2*n**3 + 94*n**2 - 13*n + 613. Give q(47).
2
Let f(x) = -x**3 - 112*x**2 - 326*x - 11676. Give f(-110).
-16
Let m(w) = -272*w + 4269. What is m(16)?
-83
Let g(l) = 114*l**2 - 15*l - 9. Determine g(-1).
120
Let x(p) = 66080*p - 198241. What is x(3)?
-1
Let t(l) = 97*l + 5452. What is t(-55)?
117
Let x(m) = 24*m - 127. What is x(6)?
17
Let p(q) = -3031*q - 3121. What is p(-1)?
-90
Let t(i) = 32*i - 328. What is t(9)?
-40
Let v(c) = 50*c - 5859. Give v(117).
-9
Let l(t) = -198*t + 2185. Calculate l(11).
7
Let x(a) = a**2 - 175*a - 7115. Calculate x(-34).
-9
Let p(t) = 3175*t + 22224. Calculate p(-7).
-1
Let g(q) = -6*q**2 + 63*q - 150. Calculate g(4).
6
Let d(q) = 3*q**3 + 32*q**2 - 12*q - 22. Calculate d(-11).
-11
Let y(f) = 38*f - 50. What is y(4)?
102
Let f(a) = -3*a**2 - 142*a + 7. What is f(-47)?
54
Let t(o) = o**3 + 9*o**2 + 4*o + 28. Determine t(-7).
98
Let o(k) = -595*k - 3572. What is o(-6)?
-2
Let n(i) = i**2 - 63*i - 1453. Calculate n(81).
5
Let z(c) = -c**3 + 7*c**2 - 21*c - 28. What is z(-1)?
1
Let c(p) = -35*p**2 + 580*p + 50. Give c(16).
370
Let d(c) = 35*c - 702. Determine d(19).
-37
Let s(g) = 2*g**3 - g**2 + 8*g - 13. Calculate s(0).
-13
Let i(r) = 6*r**2 - 73*r - 319. What is i(-6)?
335
Let g(n) = -3326*n + 19897. What is g(6)?
-59
Let n(p) = 7*p**2 - 92*p + 5. What is n(13)?
-8
Let u(t) = 89*t**2 + 125*t - 124. Determine u(1).
90
Let k(s) = 10*s**3 + 2*s**2 + 3*s + 2. Give k(-1).
-9
Let o(h) = 886*h + 9779. Give o(-11).
33
Let m(x) = -x**2 - 29*x - 154. Give m(-24).
-34
Let h(d) = -35*d**2 - 34*d + 98. Give h(2).
-110
Let d(b) = -b**2 + 68*b + 1149. Determine d(-14).
1
Let j(m) = -m**3 - 11*m**2 + 82*m - 23. Determine j(-16).
-55
Let b(x) = 3*x**2 + 160*x - 4034. Determine b(-72).
-2
Let l(x) = x**2 + 35*x + 182. What is l(-16)?
-122
Let a(c) = -c**3 + 2*c**2 - c + 13. Give a(-5).
193
Let b(t) = -1296*t - 7. What is b(0)?
-7
Let k(w) = 66*w - 1595. Determine k(24).
-11
Let m(u) = 5*u**2 + 57*u + 110. What is m(-2)?
16
Let a(d) = -6*d**3 + 31*d**2 - 7*d + 3. Calculate a(5).
-7
Let i(a) = -a**2 - 107*a - 1008. Determine i(-9).
-126
Let w(r) = -18*r**2 + 196*r - 32. Give w(11).
-54
Let q(s) = -190*s + 2618. Determine q(13).
148
Let k(i) = 180*i - 6512. Give k(35).
-212
Let l(g) = -8*g + 25. What is l(6)?
-23
Let m(t) = t**2 - 125*t - 284. What is m(129)?
232
Let m(b) = -74*b - 7259. Give m(-98).
-7
Let c(z) = 2*z**3 - 25*z**2 + 18*z - 67. Determine c(11).
-232
Let q(t) = -1271*t - 3835. Determine q(-3).
-22
Let c(w) = -w**3 + 19*w**2 + 37*w + 123. Determine c(21).
18
Let x(g) = 2*g**2 - 26*g - 148. Determine x(-5).
32
Let j(i) = -i**3 - 15*i**2 - 4*i + 135. What is j(-14)?
-5
Let c(o) = -71*o - 842. What is c(-14)?
152
Let w(b) = -b**3 - 7*b**2 + 39*b + 157. Give w(-9).
-32
Let x(z) = -2*z**2 + 35*z - 144. Determine x(6).
-6
Let w(v) = 3*v**2 - 42*v + 289. Give w(6).
145
Let r(j) = -j**3 - 21*j**2 + 32*j - 232. What is r(-23)?
90
Let l(b) = 420*b + 3356. Calculate l(-8).
-4
Let a(o) = -6*o**2 - 12*o - 2. What is a(8)?
-482
Let v(o) = -2*o**3 + 9*o**2 + 93*o - 147. Calculate v(9).
-39
Let o(v) = 77*v + 526. Determine o(0).
526
Let o(b) = -b**3 + 81*b - 1. What is o(9)?
-1
Let x(u) = -7*u - 292. Calculate x(-52).
72
Let i(n) = -n**3 + 3*n**2 + 12*n - 13. What is i(4)?
19
Let d(u) = -65*u - 264. Calculate d(-4).
-4
Let n(h) = 2*h**2 - 179*h + 179. What is n(1)?
2
Let p(x) = -3*x**3 + 45*x**2 + 40*x + 1